83. Suppose -4*h = -2*h - j. List the prime factors of h.
2, 7
Let d(c) = c**2 + 5*c - 20. List the prime factors of d(-16).
2, 3, 13
Let h be -3 - 3*(-41)/(-3). Let a = 63 + h. List the prime factors of a.
19
Let s be (21/(-7))/((-6)/16). Let y = s + -4. Suppose -2*i + 80 = y*t, 2*t + 46 = 4*t + 4*i. List the prime factors of t.
19
Suppose b + b = f + 117, f = b - 60. Suppose 5*t - b = -3*y - 0*t, -y + 5 = -3*t. List the prime factors of y.
2, 7
Let s = 125 + -72. List the prime factors of s.
53
Let p(i) = -i**2 - 13*i. List the prime factors of p(-11).
2, 11
Let v(m) = -m**3 + 2*m**3 - 3*m**3 + m**2 + 3*m**3. Let f(l) = -3*l**3 - 4*l - 7. Let a(z) = -f(z) - 4*v(z). What are the prime factors of a(-5)?
2, 3
Let r be 452/(-24) + (-1)/6. Let s = r + 30. Suppose 4*c - s - 16 = -5*k, 2*c = -4*k + 24. What are the prime factors of k?
7
What are the prime factors of ((-10)/(-3))/5 + (-325)/(-3)?
109
Let g be 4/10 - 56/(-10). List the prime factors of (9/g + -3)*-8.
2, 3
Let h be (-2 - -1)/(1/(-3)). Let r(f) = -2 + 0*f + 2*f + 0*f**2 + 4 + h*f**2. What are the prime factors of r(-2)?
2, 5
Let x = -4 - -4. Suppose 0*v + 2*v - 8 = x. What are the prime factors of v?
2
Let q(c) = 3*c - 6. Let z be q(6). List the prime factors of z + -2 - (-2 - -3).
3
Suppose -4*j - 195 = -9*j. What are the prime factors of j?
3, 13
Let o = 16 - 40. Suppose -3*x + 108 = -6*x. Let b = o - x. List the prime factors of b.
2, 3
Let q be 1*(3 - (-6)/(-2)). Suppose 3*z + 4*i = -z + 76, -3*z + 5*i + 65 = q. What are the prime factors of z?
2, 5
Let a(k) = k**2 - 9*k. Let y be a(9). Let m = 7 + y. What are the prime factors of m?
7
Suppose -4*d = d - 155. List the prime factors of d.
31
Suppose -2*u = -5*u + 18. List the prime factors of u.
2, 3
Let u(o) = o**3 + 5*o**2 - 7*o - 5. Let y be u(-6). Suppose 7 = 2*i + y. What are the prime factors of (2*i)/(5/10)?
2, 3
Let q(h) = h**2 + 7*h - 8. Let o be q(-8). Suppose -77 = -5*c - 4*d, -d - 49 = -4*c - o*d. What are the prime factors of c?
13
Let d(m) = 3*m**2 - 4. Let c be d(4). Suppose 0 = 2*g + 2*g - c. Let i = 20 - g. What are the prime factors of i?
3
Let y(a) = 4*a**2 - 3*a + 1. Let h be y(2). Suppose 5*c - 6*f - 11 = -7*f, -2*f = -c + h. What are the prime factors of c?
3
Let f(n) = -n**2 - 11*n + 35. Let k be f(-9). Let t = -85 - -47. Let g = k + t. List the prime factors of g.
3, 5
Let n(a) = -10 - 7*a - a + 7 - 3. What are the prime factors of n(-4)?
2, 13
Let s be (2 - 0/1) + 3. Suppose -s*a = 20, -1 = 3*h + a - 39. List the prime factors of h.
2, 7
Suppose -2*l = -2*u - 342, -4*l = l + 5*u - 845. List the prime factors of l.
2, 5, 17
What are the prime factors of 4/(-3)*3 - -75?
71
Let j(s) = -s**2 + 12*s - 6. Let d be j(11). Suppose 2*k = -5*h + 29, -d*k + 64 = h + 3*h. What are the prime factors of k?
2, 3
Let f = 5 - 16. Let o = f + 26. What are the prime factors of o?
3, 5
Let j = -15 + 6. Let m = j - -19. What are the prime factors of m?
2, 5
Suppose -2*p + 0*k = -2*k - 8, 4*k = 2*p - 12. Suppose 0 = p*f + f - 9. Suppose 34 = 5*q + 4*h, 3*q + 0*q - 42 = f*h. What are the prime factors of q?
2, 5
Let i(y) = 2*y**2 + 8*y + 2. Let c be i(-8). What are the prime factors of (c/5)/((-12)/(-30))?
3, 11
Suppose 2*w = 3*w + 5*d - 29, 2*w - 33 = -5*d. Suppose 0 = w*g + 14 - 130. What are the prime factors of g?
29
Let x = -71 + 48. Let b = -14 - x. Suppose -4*w = 5*a + 9, b*w + 5*a + 5 = 4*w. What are the prime factors of w?
2
Let a be -8 - (-3)/((-6)/4). Let n = a - -15. What are the prime factors of n?
5
Let k = -47 + 80. What are the prime factors of k?
3, 11
Let g = -8 + 13. Suppose p - 25 = -n + g*p, 2*n = -3*p + 6. What are the prime factors of n?
3
Let g(o) = -o**2 + 4*o - 3. Let f(k) = -k - 1. Let s(b) = -f(b) - g(b). What are the prime factors of s(-3)?
2, 11
Suppose -5 = -4*q + 3*q. Suppose 0 = -2*d - 2*v + 4*v + 50, -d + q = 4*v. Let b = d - 12. What are the prime factors of b?
3
Let m be -2 + -11 + -2 + 2. Suppose 0 = -4*b - 5*i + 88, 0 = -5*b + i + 2*i + 110. Let r = b + m. What are the prime factors of r?
3
Let c(w) be the third derivative of w**6/120 - w**5/12 + w**4/24 + 5*w**3/6 - w**2. Let o = 26 + -21. List the prime factors of c(o).
2, 5
Let l(s) = -s**2 - 8*s - 2. Suppose 5*c = -3*n + 11, 3*n + 0*n = -4*c + 7. What are the prime factors of l(n)?
13
Let y be (-2)/(-7) + (-99)/(-21). Suppose 4*i - 14 = -5*k, 0 = 5*i - 5*k + y. Let u = i + 10. What are the prime factors of u?
11
Let u = 5 - 6. Let v be (-27)/36*(-12)/u. Let x = -5 - v. List the prime factors of x.
2
Let b be 220/3 + (-3)/9. Suppose -6*c + c + q = -b, -c = 5*q + 1. Suppose c = -4*d + 38. List the prime factors of d.
2, 3
Suppose 5 = 5*o - 20. Let v = 10 - o. Suppose 0 = -n - 5, l - 3*n = -v*n + 11. List the prime factors of l.
3, 7
Let p be (122/4)/(12/24). Let n = -28 + p. List the prime factors of n.
3, 11
Suppose 5*f - 3*h + 17 = 147, 3*h - 73 = -2*f. List the prime factors of f.
29
Suppose 0 = -2*r + 4*r - 10. Suppose r*g + 32 = 2. Let a = g - -10. List the prime factors of a.
2
Suppose 3*c = -3*o + 3, -3*o - c = -7 - 4. Suppose o*u = 2 + 18. List the prime factors of u.
2
Let b(k) = -k**3 - 8*k**2 - 7*k + 6. Let w be b(-7). Suppose -46 - w = -a. Suppose 3*q - a = -13. What are the prime factors of q?
13
Suppose 0 = -5*g + 4*v + 40, -4*g + 63 = -0*g + 3*v. What are the prime factors of g?
2, 3
Suppose -63 = 4*z - 247. What are the prime factors of z?
2, 23
Let m = 16 - -28. What are the prime factors of m?
2, 11
Let h(y) = y - 8. Let a be h(10). Let n be ((-4)/5)/(a/(-10)). Suppose 20 = 4*w + n*s, s = -3*w - w + 32. List the prime factors of w.
3
Let p(f) = -f**2 + 6*f + 9. Let t be p(7). Suppose -3*j + 92 - t = 0. What are the prime factors of j?
2, 3, 5
Suppose -54 = -4*r + 54. List the prime factors of r.
3
Let l(n) be the first derivative of -n**2/2 + 3*n - 1. List the prime factors of l(-7).
2, 5
Suppose 2 = -2*f - 2, 3*r = -f + 88. List the prime factors of r.
2, 3, 5
Let g(c) = c**3 - 6*c**2 - 9*c - 10. Let h be g(8). Let q = -32 + h. List the prime factors of q.
2, 7
Suppose 0 = -5*r - 2*n + n - 205, -5*n = -r - 15. Let p = 88 + r. List the prime factors of ((-4)/(-6))/(2/p).
2
Let c(g) = -g**3 - 2*g**2 + 4*g + 3. Let v be c(-3). Suppose 3*n = -3*x + 66, -3*x + v*x = 2*n - 45. What are the prime factors of n?
3, 7
Let n(b) = -7*b**2 - 2 + 9*b**2 + 5*b**2 - b**3 - 5*b. List the prime factors of n(4).
2, 13
List the prime factors of 2/8 + (-459)/(-36).
13
Let c(o) = 4*o**3 - o**2 + 2*o - 1. Let k be c(1). Suppose 3*u - 4*v = -0*v + 98, -k*v + 92 = 2*u. What are the prime factors of u?
2, 19
Let i(s) = -3*s**2 + s + 2. Suppose -r = -3 + 5. Let j be i(r). Let p = -6 - j. What are the prime factors of p?
2, 3
Suppose 2*n = -t + 165, 0*n + 3*n - 5*t - 228 = 0. Suppose -i = 2*i - n. List the prime factors of i.
3
Let g(f) = -f. Let k be g(-4). Suppose 3*m = -k*b + 76, -5*b + 8 = m - 10. What are the prime factors of m?
2, 7
Let p = 211 + -139. What are the prime factors of p?
2, 3
Let i = -9 - -11. What are the prime factors of 6*(2/4 + i)?
3, 5
Suppose -2*f = -f - h - 203, -421 = -2*f - 3*h. What are the prime factors of f?
2, 103
What are the prime factors of (2/(-2))/((-1632)/(-234) - 7)?
3, 13
List the prime factors of (-30 - -29)/((-1)/239).
239
Let x(y) = -y**3 - 8*y**2 + 6*y - 12. Let q be x(-9). Suppose -11 = -2*r + q. What are the prime factors of r?
13
Let m(l) be the second derivative of -l**5/20 + 11*l**4/12 + 13*l**3/6 + 5*l**2/2 + 3*l. Suppose -6*u + 2*u + 48 = 0. What are the prime factors of m(u)?
17
Let l(h) be the second derivative of -h**5/20 + 2*h**4/3 + h**3/6 - 2*h**2 + 2*h. List the prime factors of l(8).
2
Let q = 429 - 269. List the prime factors of q.
2, 5
Let g be (12/14)/((-4)/(-28)). Let n = 9 - g. Suppose -w + 6*w - o - 37 = 0, 0 = -3*w - n*o + 15. List the prime factors of w.
7
Suppose 3*x - 3*u - 120 = 0, -44 = -3*x - 3*u + 76. List the prime factors of x.
2, 5
Suppose -t + 6 = -2*p - 8, -t + 4*p = -24. Suppose 32 = 4*a - t. List the prime factors of a.
3
Let h be -3 - 1 - (-3 - -2). What are the prime factors of ((-1)/h)/((-1)/(-21))?
7
Let l = -27 + 60. Suppose -4*w + 68 = 2*v, w + 0*w = -v + 15. Let a = l - w. What are the prime factors of a?
2, 7
Let d(q) = q**3 - 4*q**2 - 4*q - 1. Let a be d(5)